 p(r) = -11*d(r) + 4*v(r). Suppose -n + 18 = 2*n. Is p(n) prime?
False
Let c(q) = 984*q - 65. Is c(7) a composite number?
False
Suppose -3*n - 8 = -7*n. Suppose -n*y + 5 = -89. Is y a prime number?
True
Suppose -77810 = -23*i + 13*i. Is i prime?
False
Let m = -1665 - -2606. Is m a prime number?
True
Let w = -37898 + 77397. Is w prime?
True
Suppose -133*g + 132*g + 9091 = 0. Is g composite?
False
Let x = -2772 - -1154. Suppose -2*v + 6*v + 3684 = 0. Let j = v - x. Is j prime?
False
Let z(l) = -1419*l**2 + 7*l + 11. Let v be z(-2). Is (-2)/(8/(-36) - 1244/v) prime?
True
Suppose -2114 = -b + 160. Suppose 3*z + 2*h = -2*h + b, 0 = 4*z - 5*h - 3032. Is z a composite number?
True
Suppose 9*g - 95590 - 30383 = 0. Is g prime?
True
Suppose 0 = -11*n + 13*n - 10. Suppose 7*h = 4*h + 996. Suppose h = n*t - t. Is t a prime number?
True
Is (-2)/(-19) + 11814/38 a prime number?
True
Is (-6 + 3)*990189/(-27) a composite number?
True
Suppose 0*x - 5*x + 36965 = 0. Is x prime?
True
Is 2/(-10) - 0 - (-3380472)/435 prime?
False
Suppose 0 = 3*n - 8686 - 1535. Is n a prime number?
True
Is ((-6)/(-21) - 0) + 1186/14 composite?
True
Let u(a) = -a**2 + 13*a + 7. Let c(p) = -11*p**3 - 1. Let q be (-4)/6 + (-4)/12. Let o be c(q). Is u(o) a prime number?
True
Let w = -15 - 0. Let d = -13 - w. Is d/3 + 2018/6 a prime number?
True
Suppose 0 = 3*i - 1516 - 797. Let f = -532 + i. Is f composite?
False
Let u = 1149 - -2495. Let s = -625 + u. Is s a prime number?
True
Suppose 4*k - 8638 = -d, -2*k = 2*d - 3*k - 17303. Suppose -3*q - d = -13*q. Is q a composite number?
True
Let i(m) = -5*m + 165. Let y(l) = -l + 1. Let v(u) = i(u) - 4*y(u). Suppose 4 - 4 = -x. Is v(x) prime?
False
Let g be 7*(-2 + (3 - 0)). Let i(w) = -w**2 + 6*w - 1. Let m be i(g). Is 105 + 6 + m/(-2) prime?
False
Let k = 6 + 0. Suppose 0*c + 2*t = c - k, 0 = -c - 3*t - 4. Is 1/(431/215 - c) composite?
True
Is 9112/20*(-20)/(-8) prime?
False
Let t = 1146 + 67. Is t prime?
True
Let p = -699 - -1179. Suppose 3*q = -72 + p. Let v = q + -89. Is v a composite number?
False
Let f(g) be the second derivative of -83*g**3/6 - 5*g**2/2 + 6*g + 13. Let d(x) = -3*x**2 + x + 2. Let z be d(2). Is f(z) a composite number?
False
Let f = 7 + -2. Let s(o) = -o**3 - o**2 + 3*o + 7. Let u be s(-6). Suppose -4*d - f*p = -d - 176, -2*p = -3*d + u. Is d a composite number?
True
Let t(p) = 257*p**2 - 8*p - 23. Is t(-6) a composite number?
False
Let i(v) = -3 + 2 + 499*v**2 - 19*v**2. Is i(1) a prime number?
True
Let m = -188 - -480. Suppose l + 5*y - 121 = 14, y + m = 2*l. Is l prime?
False
Let x(j) = -82*j**2 - 3*j + 1. Let m(v) = -165*v**2 - 5*v. Let r(a) = 2*m(a) - 5*x(a). Is r(8) a composite number?
True
Let p(z) = 86*z - 5 + 110*z + 1 - 7*z. Let u be p(2). Suppose 4*t + u = 6*t. Is t prime?
False
Suppose 2*k = 2*x + 614, -k - 73 = x + 226. Suppose 2*o + 490 = -b, 3*b + 1472 = -2*o - 3*o. Let t = x - b. Is t prime?
True
Let k(f) = 2*f**2 - f + 3500. Let z be k(0). Let u = z - 2344. Suppose -3*t + u = -785. Is t a prime number?
True
Let h = -80 + 87. Suppose -h*s + 8*s - 23 = 0. Is s composite?
False
Let v(x) = x**2 + 2*x - 2. Let l = 1 - 5. Let u be v(l). Is (4/u)/((-8)/(-1956)) a composite number?
False
Let x(t) = 3*t**3 + 14*t**2 - 17*t - 16. Let w be x(12). Is w/24 - (-2)/12 a composite number?
True
Let m(g) = -302*g - 11. Let p be m(8). Let v = 2898 - p. Is v/20 + (-6)/(-8) a prime number?
False
Let s be (-1 + 1/1)/(-1). Suppose j - 3*c = -0*j + 1024, -j + 2*c + 1019 = s. Is j prime?
True
Let p(t) = t**3 + 6*t**2 - 6*t + 7. Let c be p(-7). Suppose 4*l = u + 1273, l - 3*u - 100 - 232 = c. Is l prime?
True
Let n = -4 + 6. Suppose n = -0*j + j. Suppose 2*q - 771 - 39 = -j*r, q + 2*r - 407 = 0. Is q a prime number?
False
Let t = 46516 + -32121. Is t composite?
True
Suppose 0*i = -3*i - 4*w + 1357, i - 453 = -2*w. Let g = -90 + i. Is g a prime number?
False
Suppose -26*t + 31*t - 25 = 0. Suppose -2*r = t*r - 3143. Is r a composite number?
False
Suppose 0 = 3*l + 2*l. Suppose l = -5*k + 570 + 385. Is k composite?
False
Let b = -4924 - -10193. Let l = b + -3684. Is l a composite number?
True
Let w(u) = 6*u + 10. Let a be w(8). Let f = 539 - a. Is f a composite number?
True
Is (27/12)/(-9) - 6464655/(-76) composite?
False
Is (1 + -3)/(84/(-83454)) composite?
False
Let n(l) = -3683*l**3 - 7*l**2 - 5*l + 2. Is n(-1) composite?
True
Let x(t) = 508*t - 233. Is x(10) composite?
True
Let y(m) = -2*m + 37. Let p(l) = -2*l + 37. Let i(d) = -4*p(d) + 5*y(d). Is i(0) composite?
False
Is 1/(-2) + (-2315118)/(-52) a composite number?
True
Suppose -6*g + 1836 = -1770. Suppose -g = -3*b + 1268. Suppose -4*c + b = h, 5*c = 4*h + 67 + 738. Is c a prime number?
True
Let a(r) = -6*r + 9. Let w be a(3). Is 5748/(-18)*w/6 composite?
False
Let j(u) = -91*u - 5. Let l(o) = o**2 - 10*o + 9. Let m be l(9). Let q = -6 + m. Is j(q) composite?
False
Suppose -5*b = -5, 3*y + 3*b - 6*b - 146916 = 0. Is y prime?
True
Suppose 0 = 74*z - 77*z + 6549. Is z a composite number?
True
Let t be (-2)/4*0/2. Suppose 2*n - 5 + 15 = 0, t = 4*r - 3*n - 4211. Is r a composite number?
False
Let n = -185 - 66. Let m be (-938 + 6)/((-4)/2). Let o = m + n. Is o composite?
True
Suppose 2*j + 1485 = 7*j. Let v = 508 - j. Is v composite?
False
Suppose -10 = 3*o - 25. Suppose -1296 = -o*w - 3*a, 0 = 5*w - 7*a + 2*a - 1280. Let v = w - 23. Is v a composite number?
True
Suppose -4*j = -2*d - j + 3, d - j - 4 = 0. Suppose 9837 = d*q - 9774. Is q a prime number?
True
Let t be -3 - -1 - 0 - -313*1. Let x = 1434 - t. Is x prime?
True
Suppose 0 = 24*z - 32*z + 185272. Is z a prime number?
True
Suppose d - 2*d + y + 3 = 0, y - 5 = -d. Suppose 9*m - 7185 = d*m. Is m a prime number?
False
Let z(m) be the first derivative of m**2/2 + 10*m + 1. Let d be z(-7). Is (22/(-4))/(d/(-6)) composite?
False
Let s = 144 + -140. Suppose -z + 2343 = s*d, -749 + 164 = -d - z. Is d a composite number?
True
Suppose -5 = 4*p - 17. Suppose 2 = -2*t + p*t. Is 94/(-4)*-10 - t composite?
False
Is 1/(1*((-2288)/764 + 3)) a prime number?
True
Suppose 0 = i + 5*j - 36, 4*j - 98 = -3*i + 21. Suppose 0 = 42*b - i*b - 337. Is b prime?
True
Let b = 34 + 51. Suppose -p - 27 = -b. Is p a prime number?
False
Suppose -5*t + 30 = 15. Is t/(-4)*8/(-6)*293 a prime number?
True
Suppose 4*f + 4*f = -5160. Let s(q) = 3*q**3 + 2*q**2 + 5*q - 2. Let p be s(-5). Let i = p - f. Is i prime?
True
Let g be (5/2)/((-1)/(-166)). Suppose g = 4*r + u, 1 + 11 = 4*u. Is r a prime number?
True
Let i be ((-1)/3)/((-14)/84) - 10. Let v = i - -799. Is v a composite number?
True
Let o(n) = 2*n**2 + 12*n + 9. Let a(g) = -g. Let v(u) = -u + 1. Let h(t) = 2*a(t) - v(t). Let y(d) = -4*h(d) + o(d). Is y(-11) prime?
True
Let u(y) = -8*y**2 - 19*y - 9. Let i be u(-7). Let b be (-1 - i) + 1 + -2. Let p = -187 + b. Is p composite?
False
Is (-27817)/2*(-19 + 17) composite?
False
Let i(f) = 147*f + 1. Let m be i(4). Let o = m + 1081. Suppose q = 3*p + o, -q - 2*p + 286 + 1359 = 0. Is q a prime number?
False
Let w = 221 + -153. Suppose i - 45 = w. Is i a composite number?
False
Let q = 4 - 5. Let r be 1570/((-2)/q - 0). Suppose -5*f = n - r, -395 + 81 = -2*f - n. Is f a composite number?
False
Suppose -3*l - 101*c + 103*c + 26651 = 0, 2*l + 3*c = 17776. Is l a prime number?
False
Suppose 5*i = 5*a - a + 30891, 0 = i + 5*a - 6184. Suppose -k + 2*w = k - 4098, -3*k + i = 5*w. Is k composite?
False
Let g(t) = 44*t**2 + 29*t - 5. Is g(11) a composite number?
True
Let x = 1654 - 989. Suppose 0 = 2*i - x + 9. Let m = i + -171. Is m prime?
True
Is 689 - (-2)/(-6 - -7) composite?
False
Suppose c + 5*s - 8980 = 480, 5*c = 5*s + 47330. Is ((-6)/(-5))/(37866/c + -4) composite?
True
Is 3/(16/(-13) - -1)*-293 prime?
False
Suppose 5*i - 4448 = 7607. Is i composite?
False
Let i = 2503 + 3252. Is i a prime number?
False
Let r = 5200 + -3339. Is r a prime number?
True
Is (-1 - 2/(-6))/(216/(-1416852)) a composite number?
False
Let i be 427/49 - (3 + (-23)/7). Let b(d) = 2*d**3 - 7*d**2 - 6*d + 6. Let r(w) = 2*w**3 - 8*w**2 - 7*w + 7. Let f(l) = -4*b(l) + 5*r(l). Is f(i) composite?
True
Let o = 14 - 14. Suppose 669 = -5*j - 3*y, o*y + 534 = -4*j - 2*y. Let u = 259 + j. Is u prime?
True
Let k = -7 + 12. Let s be (-8)/3*2/(16/(-36)). Suppose 2*c - k*v = s, 0 = c + c + v - 12.